= j - 26. Suppose -4*y + y = -4*z + 47, 0 = -5*z - 3*y + 52. What is the remainder when t is divided by z?
9
Let l(t) = t**2 + 5*t + 5. Let h be l(-4). Let r be (0 + (-1 - 2))/h. Calculate the remainder when 25 is divided by (9/(r - -2))/(-1).
7
Suppose 226 = 5*z + 5*v - 19, -z + 64 = 4*v. Let s = 73 - z. Calculate the remainder when s is divided by 10.
9
Suppose h + 2*h - 6 = 0. What is the remainder when 49/7 + (-2 - 1) is divided by h?
0
Let a(l) = 3*l. Let b be a(1). Suppose -b*u = -6*u + 90. Calculate the remainder when u is divided by 11.
8
Let r = 14 + -5. Let b = 70 - r. Calculate the remainder when b is divided by 31.
30
Let p(m) = m**3 + m**2 - m + 10. Let t(a) = -a**3 - 6*a**2. Let l be t(-6). What is the remainder when 37 is divided by p(l)?
7
Let b = 21 - 17. Suppose 0*h - b*h = -12. What is the remainder when 5 is divided by h?
2
Let h(k) = k**2 + 9*k + 5. Calculate the remainder when h(-13) is divided by 15.
12
Let g = 10 - 6. Suppose 0 = -g*t + 22 + 94. What is the remainder when t is divided by 8?
5
Let g = -14 + 28. Suppose -4*y = -g - 58. Let h = 1 + y. What is the remainder when h is divided by 7?
5
Let r(j) = j**3 - 11*j**2 - 12*j + 4. Let u be r(12). Calculate the remainder when 72 is divided by (5/2)/(u/40).
22
Suppose 118 = 9*c - 44. Calculate the remainder when c is divided by 10.
8
Let n(p) = p**2 - 14*p + 17. Let w be n(13). Let o(s) = 4*s + 3. Calculate the remainder when 37 is divided by o(w).
18
Suppose 146 = 2*u - 0*u - 5*x, x = 2*u - 146. Let s be -2*2 + -1 - 1. What is the remainder when u is divided by 2/(3/((-225)/s))?
23
Let n(s) be the first derivative of s**3/3 - s**2/2 + 1. Calculate the remainder when 47 is divided by n(-3).
11
Suppose q + 3*q - 16 = 0. Let v = 10 - q. What is the remainder when 11 is divided by v?
5
Suppose -3*p - 6 = 0, 4*v - 8 = 4*p + 4. What is the remainder when v/((3 - 1)/46) is divided by 8?
7
What is the remainder when 3 is divided by 3/(-2)*6/(-9)?
0
Suppose -h - 2*h + 114 = 0. Let c = -20 + h. What is the remainder when 69 is divided by c?
15
Suppose -22 = -3*c - 4*v + 25, -2*c = 5*v - 22. Suppose -c = -a - 2*a. Let z = 38 + -33. What is the remainder when a is divided by z?
2
Suppose -5*t + 2*t + v + 62 = 0, 3*t + 4*v - 67 = 0. What is the remainder when t is divided by 6?
3
Let h(n) = 2*n - 9. Suppose -2 = -0*r + 3*r - 5*y, 2*y = -5*r + 38. What is the remainder when 9 is divided by h(r)?
0
Let q(c) = 13*c**3 + 1. What is the remainder when q(1) is divided by 5?
4
Calculate the remainder when -40*(-1 - 1/(-2)) is divided by 3.
2
Let b = -1 + 5. Suppose 4*y = -5*c + y + 184, b = -2*y. Calculate the remainder when c is divided by 10.
8
Suppose 3*o = 5*j + 59, 2*j = 4*o - 0*o - 60. Let y = o + -2. What is the remainder when 20 is divided by y?
9
Let i = -7 + 8. What is the remainder when (i/(-2))/((-2)/116) is divided by 10?
9
Let c = -86 - -148. Calculate the remainder when c is divided by 21.
20
Suppose -o + 3 = -4*f + 3*f, -o - 5*f = -3. Suppose 3*n - 2*a + 26 = 0, o*a - 7*a + 12 = -n. Calculate the remainder when 23 is divided by (1*-9)/(6/n).
11
Let j(n) = 4*n**3 - n**2 - n + 1. Let v be j(1). Suppose 5*h - 81 = -4*o, v*h + 2 = -2*o + 43. What is the remainder when 73 is divided by o?
16
Suppose 5*f + m - 66 = 0, 2*m + 36 = 2*f - 0*f. Calculate the remainder when 27 is divided by f.
13
Suppose -5*p = -2*z - 2 - 0, 3*p + 5 = -5*z. Suppose p = -k + 6 + 19. What is the remainder when k is divided by (0 - -1)*1*9?
7
Let g = -15 - -32. Suppose 2*b - 1 = -q, -b - 4*q = -9*q - g. Suppose 4*p - 32 = -0*p - 4*o, -16 = -4*o. What is the remainder when p is divided by b?
0
Let r(s) = s**2 + 8*s + 4. Let q be r(-8). Suppose 3*b - i = q, 5*b + 2*i = 4 + 10. What is the remainder when 3 is divided by (4/12)/(b/12)?
1
What is the remainder when 30/(-45) - (-472)/6 is divided by 40?
38
Let i = -35 - -71. Let m = -17 + i. Calculate the remainder when m is divided by 7.
5
Let c be 2/(-2 + -1 + 5). Suppose 0 = 3*a - 19 + c. Calculate the remainder when 23 is divided by a.
5
Suppose -5*m + 8*m = 102. Calculate the remainder when m is divided by 18.
16
Suppose -4*q + 32 = -0*q. Let m(b) = b**2 - b - 6. What is the remainder when m(q) is divided by 26?
24
Suppose -z - z + 12 = 0. Suppose -12 = 4*n, n + 869 = -5*q + 3*n. Calculate the remainder when q/(-10) + (-2)/4 is divided by z.
5
Let m(q) = q**3 - 2*q**2 + q + 1. Let s be m(2). Suppose -36 = -s*n + 12. Calculate the remainder when n is divided by 6.
4
Let j = -15 - -15. Let i(w) = -w**2 + 2*w + 52. What is the remainder when i(j) is divided by 18?
16
Suppose -4*o + 16 = -2*n + n, 3*n + 12 = 3*o. What is the remainder when 13 is divided by o?
1
Suppose 4*d + 37 = -27. Let q = -4 - d. Calculate the remainder when 23 is divided by q.
11
Calculate the remainder when 1220/(4/(-1))*(0 - 1) is divided by 28.
25
Let j = 16 + -9. What is the remainder when (-4)/(-12) + 0 - (-56)/3 is divided by j?
5
Let r = 4 - 0. Suppose -5*a + 4 + 2 = 4*j, -2*a - r*j = 0. Calculate the remainder when 26 is divided by (a - 4) + (-32)/(-2).
12
Let t = -112 - -209. Calculate the remainder when t is divided by 20.
17
Let q(v) = -v - 10. Let l be q(-10). Let x = 3 + l. Calculate the remainder when 9 is divided by x.
0
Suppose -o = 3*o - 68. Suppose p - 11 = 3*z, 7*p + 4*z = 2*p + o. What is the remainder when p is divided by 4?
1
Let f be (-6 + 4 + 3)*3. What is the remainder when 89 is divided by (5 - f)/(2/23)?
20
Let k = -13 + 5. Calculate the remainder when 29 is divided by -12*(34/k + 3).
14
Let z = 3 + 6. Calculate the remainder when (63/(-6))/(-7)*10 is divided by z.
6
Suppose -y + 10 = -14. Let q = y - 15. What is the remainder when q is divided by 5?
4
Suppose 12 - 4 = -5*u - 4*j, 2*j + 4 = 0. Suppose 2*n + 2*n - 140 = u. What is the remainder when n is divided by 12?
11
Let i be (2*3)/((-6)/(-9)). Suppose 3*o = -i, -3*j + 5*o + 21 = -3. Suppose -k + j = 2*k. What is the remainder when 2 is divided by k?
0
Suppose 4*n + 3*a - 45 = -0*n, -n = 5*a - 7. Suppose -4*h - 96 = 92. Let t = 82 + h. What is the remainder when t is divided by n?
11
Let f be 15/(-20) + 10/(-8). Let a(j) = 9*j**2 + 3*j + 3. Let x be a(f). Suppose -2*l - l = -x. What is the remainder when l is divided by 6?
5
Let u(z) = -z**2 + z + 25. Let v be ((-3)/2 + 1)*0. Calculate the remainder when 73 is divided by u(v).
23
Let f(c) = c**2 - 11*c + 28. Calculate the remainder when 19 is divided by f(8).
3
Let s(t) = t**2 + 5*t - 5. Let j = 4 - 2. Suppose -j*u + 4 = 5*z, 2*u - u - 3*z + 20 = 0. Calculate the remainder when s(u) is divided by 10.
9
Suppose 121 = -5*u + h, -h = -5*u + 2*h - 113. Let l = u - -61. Suppose 3*v + 3*c = 49 + 2, 3*v - l = 2*c. Calculate the remainder when v is divided by 8.
6
Let y = 21 - 16. Suppose -3*k + k - 3*l = -14, -y*k + 3*l = -14. Suppose 0 = -0*i - 2*i + 22. What is the remainder when i is divided by k?
3
Let u(v) = v**2 - 5*v - 3. Suppose 4*i - 20 = 0, -m + 3*i = -3 + 21. Calculate the remainder when u(m) is divided by 11.
10
Suppose 0 - 15 = -5*t. Let u(c) = 4*c**2 + 3*c - 6*c**2 - c - t + 4*c**3. What is the remainder when u(2) is divided by 9?
7
Suppose 0*h - 4*w = 3*h - 27, 0 = -4*h - 3*w + 29. Suppose -h*d + 40 = -100. What is the remainder when d is divided by 10?
8
Suppose -5*l = -3*l + n - 47, -l = -2*n - 21. Calculate the remainder when l is divided by 8.
7
Suppose 18 = 4*z - 10. Suppose -w = 3*o - z, 3*o - 7*o - 9 = 5*w. Suppose 4*k - o = 0, 2*k = -4*a + 5*k + 45. What is the remainder when a is divided by 7?
5
Suppose -3*z + 34 = 4. Calculate the remainder when 13 is divided by (z/4)/((-7)/(-14)).
3
Suppose 0 = 3*m - 39. Calculate the remainder when 36 is divided by m.
10
Let f be -2 + 1 - (0 - 5). Suppose -7*b + 6*b + f = 0. What is the remainder when 11 is divided by b?
3
Suppose 0 = -4*s - 0*s + 108. Suppose 0 = 2*t - 0*t - 30. Calculate the remainder when s is divided by t.
12
Let o = 22 + -2. Let h = -2 + o. What is the remainder when h is divided by ((-16)/20)/(4/(-50))?
8
Suppose -125 + 26 = -3*w. Calculate the remainder when w is divided by 1*(-2)/((-8)/68).
16
Suppose -13 = -2*k + 7. Calculate the remainder when 28 is divided by k.
8
Suppose 0 = -c + 3*c + 5*u - 20, u = 2*c - 44. Let r = 108 - 49. What is the remainder when r is divided by c